{"id":764,"date":"2018-10-15T14:15:12","date_gmt":"2018-10-15T14:15:12","guid":{"rendered":"http:\/\/genesisexpo.webgeniuslab.net\/?page_id=764"},"modified":"2025-01-02T23:42:25","modified_gmt":"2025-01-02T23:42:25","slug":"solucoes","status":"publish","type":"page","link":"https:\/\/midiapost.com\/live\/solucoes\/","title":{"rendered":"Solu\u00e7\u00f5es"},"content":{"rendered":"[vc_row][vc_column offset=&#8221;vc_col-md-6&#8243;][wgl_image_layers values=&#8221;%5B%7B%22thumbnail%22%3A%22768%22%2C%22image_animation%22%3A%22slide_down%22%2C%22image_order%22%3A%221%22%7D%2C%7B%22thumbnail%22%3A%22769%22%2C%22image_animation%22%3A%22slide_right%22%2C%22image_order%22%3A%221%22%7D%2C%7B%22thumbnail%22%3A%22770%22%2C%22image_animation%22%3A%22slide_left%22%2C%22image_order%22%3A%221%22%7D%5D&#8221;][\/vc_column][vc_column offset=&#8221;vc_col-lg-offset-1 vc_col-lg-5 vc_col-md-6&#8243;][wgl_spacing spacer_size=&#8221;80&#8243; screen_desktops=&#8221;1200&#8243; screen_tablet=&#8221;992&#8243; responsive_desktop=&#8221;true&#8221; size_desktops=&#8221;64&#8243; responsive_tablet=&#8221;true&#8221; size_tablet=&#8221;85&#8243;][wgl_double_headings title_weight=&#8221;400&#8243; title_color=&#8221;#232323&#8243; subtitle_color=&#8221;#fd226a&#8221; bgtitle_color=&#8221;#f3f3f3&#8243; title=&#8221;Vida Moderna&#8221; subtitle=&#8221;`{`Interatividade e Intelig\u00eancia`}`&#8221; bgtitle=&#8221;IOT IA&#8221; bg_responsive_font=&#8221;true&#8221; bg_font_size_mobile=&#8221;100&#8243; responsive_font=&#8221;true&#8221; font_size_mobile=&#8221;30&#8243;][wgl_spacing spacer_size=&#8221;19&#8243;][vc_column_text]\n<h5><span>Quais s\u00e3o os desafios de<\/span><br \/>\n<span>construir uma cidade inteligente?<\/span><\/h5>\n<p>Voc\u00ea j\u00e1 deve ter ouvido por a\u00ed que estamos na era das Smart Cities &#8211; IA Intelig\u00eancia Artificial &#8211; IOT Ambientes Conectados &#8211; e como estas tecnologias vem trazendo consigo diversas inova\u00e7\u00f5es e ferramentas, certo? A expectativa \u00e9 de que essa nova revolu\u00e7\u00e3o modifique completamente os processos de\u00a0 integra\u00e7\u00e3o, gest\u00e3o e seguran\u00e7a das comunidades obtendo novos fluxos de informa\u00e7\u00f5es no cotidiano em todas as esferas e classes sociais. E sua cidade j\u00e1 entrou na era da alta tecnologia 5G, AI, IoT e LoRaWAN\u00ae?[\/vc_column_text][wgl_spacing spacer_size=&#8221;41&#8243;][wgl_button button_text=&#8221;Saiba mais&#8221; shadow_style=&#8221;on_hover&#8221; customize=&#8221;color&#8221; text_color=&#8221;#313131&#8243; text_color_hover=&#8221;#ffffff&#8221; bg_color=&#8221;#ffffff&#8221; bg_color_hover=&#8221;#7c529c&#8221; border_color=&#8221;#7c529c&#8221; border_color_hover=&#8221;#7c529c&#8221; link=&#8221;url:https%3A%2F%2Fmidiapost.com%2Flive%2F2019%2F11%2F18%2Fchegou-a-hora-de-seu-condominio-subir-para-a-nuvem%2F|||&#8221;][\/vc_column][\/vc_row][vc_row][vc_column][wgl_spacing spacer_size=&#8221;95&#8243; screen_desktops=&#8221;1200&#8243; screen_tablet=&#8221;600&#8243; responsive_tablet=&#8221;true&#8221; size_tablet=&#8221;30&#8243; responsive_desktop=&#8221;true&#8221; size_desktops=&#8221;30&#8243;][\/vc_column][\/vc_row][vc_row full_width=&#8221;stretch_row&#8221; css=&#8221;.vc_custom_1539683117309{background-color: #f3f3f3 !important;}&#8221;][vc_column][wgl_spacing spacer_size=&#8221;61&#8243; screen_desktops=&#8221;992&#8243; responsive_desktop=&#8221;true&#8221; size_desktops=&#8221;50&#8243;][wgl_double_headings align=&#8221;center&#8221; title_color=&#8221;#232323&#8243; subtitle_color=&#8221;#fd226a&#8221; bgtitle_color=&#8221;#ffffff&#8221; title=&#8221;Cidades Inteligentes&#8221; subtitle=&#8221;`{`Intelig\u00eancia Artificial`}`&#8221; bgtitle=&#8221;+ SEGURAN\u00c7A&#8221; custom_bgtitle_color=&#8221;true&#8221; bg_responsive_font=&#8221;true&#8221; bg_font_size_tablet=&#8221;102&#8243; bg_font_size_mobile=&#8221;53&#8243;][\/vc_column][\/vc_row][vc_row full_width=&#8221;stretch_row&#8221; css=&#8221;.vc_custom_1539683111128{background-color: #f3f3f3 !important;}&#8221;][vc_column width=&#8221;2\/3&#8243; offset=&#8221;vc_col-md-offset-3 vc_col-md-6 vc_col-sm-offset-2 vc_col-xs-12&#8243;][vc_column_text]\n<p style=\"text-align: center;\"><span>Cidade inteligente \u00e9 um lugar onde solu\u00e7\u00f5es digitais s\u00e3o aproveitadas para aprimorar o uso de redes e servi\u00e7os tradicionais, com o objetivo de beneficiar as comunidades e melhorar a qualidade de vida dos moradores diante da tend\u00eancia de r\u00e1pido crescimento populacional.<\/span><\/p>\n<p><strong>Mas ainda h\u00e1 muitos desafios, incluindo, mas n\u00e3o se limitando a:<\/strong><\/p>\n<ul class=\"liststyle wow animate__ animate__fadeInUp animated\">\n<li><span>Engajar os gestores do setor p\u00fablico para tornar a cidade inteligente, ensinando-os a repensar o modal de obten\u00e7\u00e3o de novos conhecimentos sobre tecnologias, ferramentas, pr\u00e1ticas ou insights para a eficaz tomada de decis\u00e3o.<\/span><\/li>\n<li><span>Entregar aos gestores p\u00fablicos o conhecimento para criar uma rede inteligente, eficiente e interconectada para transportar dados com efici\u00eancia organizacional.<\/span><\/li>\n<li><span>Romper com o pensamento de que a atualiza\u00e7\u00e3o tecnol\u00f3gica para a expans\u00e3o da infraestrutura existente \u00e9 incontrol\u00e1vel, insustent\u00e1vel ecologicamente ou proibitiva em termos de custos.<\/span><\/li>\n<\/ul>\n[\/vc_column_text][\/vc_column][\/vc_row][vc_row full_width=&#8221;stretch_row&#8221; css=&#8221;.vc_custom_1539675382068{background-color: #f3f3f3 !important;}&#8221;][vc_column][vc_row_inner][vc_column_inner width=&#8221;1\/2&#8243; offset=&#8221;vc_col-lg-4&#8243;][wgl_flip_box front_bg_style=&#8221;front_image&#8221; front_bg_image=&#8221;2764&#8243; front_title=&#8221;Gerenciamento eficaz em tempo real!&#8221; back_logo_image=&#8221;418&#8243; back_descr=&#8221;Os sensores MIDIAPOST podem analisar vastos fluxos de dados e permitir a r\u00e1pida identifica\u00e7\u00e3o de padr\u00f5es e tend\u00eancias.&#8221; back_title=&#8221;Tomada de decis\u00f5es&#8221;][wgl_spacing spacer_size=&#8221;30px&#8221;][\/vc_column_inner][vc_column_inner width=&#8221;1\/2&#8243; offset=&#8221;vc_col-lg-4&#8243;][wgl_flip_box fb_dir=&#8221;flip_bottom&#8221; front_bg_style=&#8221;front_image&#8221; front_bg_image=&#8221;3018&#8243; front_title=&#8221;Fluxos de dados&#8221; back_logo_image=&#8221;419&#8243; back_descr=&#8221;insights significativos e acion\u00e1veis para planejamento urbano, aloca\u00e7\u00e3o de recursos e gest\u00e3o geral da cidade, garantindo um ambiente urbano mais eficiente e responsivo.&#8221; back_title=&#8221;Ecol\u00f3gico&#8221;][wgl_spacing spacer_size=&#8221;30px&#8221;][\/vc_column_inner][vc_column_inner width=&#8221;1\/2&#8243; offset=&#8221;vc_col-lg-offset-0 vc_col-lg-4 vc_col-sm-offset-3&#8243;][wgl_flip_box fb_dir=&#8221;flip_left&#8221; front_bg_style=&#8221;front_image&#8221; front_bg_image=&#8221;3309&#8243; front_title=&#8221;Instala\u00e7\u00e3o flex\u00edvel&#8221; back_logo_image=&#8221;412&#8243; back_descr=&#8221;Sistema sem fio com resposta r\u00e1pida garante que problemas como emerg\u00eancias de deslizamento, inc\u00eandio, inunda\u00e7\u00e3o ou calamidades ambientais diversas sejam informadas e prevenidas rapidamente.&#8221;][wgl_spacing spacer_size=&#8221;30px&#8221;][\/vc_column_inner][\/vc_row_inner][wgl_spacing spacer_size=&#8221;85&#8243;][\/vc_column][\/vc_row][vc_row full_width=&#8221;stretch_row_content&#8221; css=&#8221;.vc_custom_1687019454810{background-color: #ffe0e9 !important;}&#8221;][vc_column][wgl_spacing spacer_size=&#8221;45px&#8221;][wgl_clients item_grid=&#8221;6&#8243; item_anim=&#8221;zoom&#8221; resp_medium=&#8221;1200&#8243; resp_medium_slides=&#8221;5&#8243; resp_tablets_slides=&#8221;3&#8243; resp_mobile_slides=&#8221;2&#8243; values=&#8221;%5B%7B%22thumbnail%22%3A%222533%22%7D%2C%7B%22thumbnail%22%3A%222615%22%7D%2C%7B%22thumbnail%22%3A%223209%22%7D%2C%7B%22thumbnail%22%3A%223207%22%7D%5D&#8221; use_carousel=&#8221;true&#8221; autoplay=&#8221;true&#8221; custom_resp=&#8221;true&#8221;][wgl_spacing spacer_size=&#8221;55px&#8221;][\/vc_column][\/vc_row][vc_row full_width=&#8221;stretch_row&#8221; css=&#8221;.vc_custom_1735341865930{background-image: url(https:\/\/midiapost.com\/live\/wp-content\/uploads\/2024\/12\/smart-city-solution-introduction.jpg?id=3309) !important;background-position: center !important;background-repeat: no-repeat !important;background-size: cover !important;}&#8221;][vc_column][wgl_spacing spacer_size=&#8221;153&#8243; screen_tablet=&#8221;992&#8243; responsive_tablet=&#8221;true&#8221; size_tablet=&#8221;120&#8243; responsive_mobile=&#8221;true&#8221; size_mobile=&#8221;100&#8243;][wgl_double_headings align=&#8221;center&#8221; title_size=&#8221;60&#8243; title_line_height=&#8221;35&#8243; title_color=&#8221;#ffffff&#8221; subtitle_color=&#8221;#fd226a&#8221; bgtitle_line_height=&#8221;5&#8243; bgtitle_color=&#8221;rgba(243,243,243,0.3)&#8221; title=&#8221;Maior envolvimento e experi\u00eancia do cidad\u00e3o&#8221; bgtitle=&#8221;MONITORAMENTO&#8221; custom_title_color=&#8221;true&#8221; custom_bgtitle_color=&#8221;true&#8221; responsive_font=&#8221;true&#8221; bg_responsive_font=&#8221;true&#8221; font_size_mobile=&#8221;23&#8243; bg_font_size_mobile=&#8221;72&#8243; subtitle=&#8221;Melhora na qualidade de vida&#8221;][wgl_spacing spacer_size=&#8221;25&#8243;][vc_column_text]\n<p style=\"text-align: center;\"><span style=\"color: #ffffff;\">Minimizar o tempo de resposta mantendo as opera\u00e7\u00f5es tranquilas na cidade inteligente.<\/span><\/p>\n[\/vc_column_text][\/vc_column][\/vc_row][vc_row][vc_column][wgl_spacing spacer_size=&#8221;50&#8243;][wgl_double_headings align=&#8221;center&#8221; title_color=&#8221;#232323&#8243; subtitle_color=&#8221;#fd226a&#8221; bgtitle_color=&#8221;#f3f3f3&#8243; title=&#8221;Efici\u00eancia Energ\u00e9tica&#8221; subtitle=&#8221;Gest\u00e3o Remota Inteligente&#8221; bgtitle=&#8221;Economia&#8221; bg_responsive_font=&#8221;true&#8221; bg_font_size_desctop=&#8221;120&#8243; bg_font_size_tablet=&#8221;90&#8243; bg_font_size_mobile=&#8221;50&#8243;][wgl_spacing spacer_size=&#8221;17&#8243;][\/vc_column][\/vc_row][vc_row][vc_column offset=&#8221;vc_col-lg-offset-3 vc_col-lg-6 vc_col-md-offset-2 vc_col-md-8 vc_col-sm-offset-0&#8243;][vc_column_text]\n<p style=\"text-align: center;\">Sensores inteligentes IOT IA com efici\u00eancia energ\u00e9tica para monitoramento remoto sem fio at\u00e9 15km de raio, resist\u00eancia a \u00e1gua IP67, alimenta\u00e7\u00e3o sem rede de energia el\u00e9trica com bateria para at\u00e9 4 anos sem reposi\u00e7\u00e3o, ideal para gerenciamento ambiental, res\u00edduos, agricultura, industrial, log\u00edstica, frota e seguran\u00e7a p\u00fablica para colocar sua cidade nas nuvens.<\/p>\n[\/vc_column_text][\/vc_column][\/vc_row][vc_row][vc_column][wgl_spacing spacer_size=&#8221;13&#8243;]\n\t\t<div  class=\"wgl_module_team team-col_4 acenter vert_type shadow_always anim_moveup\">\n\t\t    <div class=\"team-items_wrap clearfix\"  style=\"margin-right:-15px; margin-left:-15px;\" >\n\t\t        [wgl_carousel slide_to_show=\"4\" autoplay=\"true\" autoplay_speed=\"3000\" use_pagination=\"\" pag_type=\"circle\" pag_offset=\"\" custom_pag_color=\"\" pag_color=\"#fd226a\" use_prev_next=\"\" custom_buttons_color=\"\" buttons_color=\"#fd226a\" custom_resp=\"true\" resp_medium=\"1200\" resp_medium_slides=\"3\" resp_tablets=\"992\" resp_tablets_slides=\"2\" resp_mobile=\"601\" resp_mobile_slides=\"1\" infinite=\"\" slides_to_scroll=\"\" ]<div class=\"team-item\" style=\"padding-right:15px; padding-left:15px;  padding-bottom:30px;\"><div class=\"team-item_content\"><div class=\"team-image\"><img decoding=\"async\" src=\"https:\/\/midiapost.com\/live\/wp-content\/uploads\/2018\/10\/incendio-IOT--420x420.jpg\" alt=\"\" \/><\/div><div class=\"team-item_info\"><div class=\"team-item_titles\"><h4 class=\"team-title\"><a href=\"https:\/\/midiapost.com\/live\/team\/alarmes-iot\/\">Alarmes AIoT<\/a><\/h4><div class=\"team-department\">[Alarmes AIoT monitoramento em tempo real ]<\/div><\/div><\/div><\/div><\/div><div class=\"team-item\" style=\"padding-right:15px; padding-left:15px;  padding-bottom:30px;\"><div class=\"team-item_content\"><div class=\"team-image\"><img decoding=\"async\" src=\"https:\/\/midiapost.com\/live\/wp-content\/uploads\/2019\/11\/cgtv-predio-voip-420x420.jpg\" alt=\"\" \/><\/div><div class=\"team-item_info\"><div class=\"team-item_titles\"><h4 class=\"team-title\"><a href=\"https:\/\/midiapost.com\/live\/team\/sensoresmesh\/\">Sensores Mesh<\/a><\/h4><div class=\"team-department\">[Sensores Mesh AIoT]<\/div><\/div><\/div><\/div><\/div><div class=\"team-item\" style=\"padding-right:15px; padding-left:15px;  padding-bottom:30px;\"><div class=\"team-item_content\"><div class=\"team-image\"><img decoding=\"async\" src=\"https:\/\/midiapost.com\/live\/wp-content\/uploads\/2025\/01\/smart-agriculture-scenario--420x420.jpg\" alt=\"\" \/><\/div><div class=\"team-item_info\"><div class=\"team-item_titles\"><h4 class=\"team-title\"><a href=\"https:\/\/midiapost.com\/live\/team\/agricultura-aiot\/\">Agricultura AIoT<\/a><\/h4><div class=\"team-department\">[Fazendas Automatizadas]<\/div><\/div><\/div><\/div><\/div>[\/wgl_carousel]\t\t    <\/div>\n\t\t<\/div>\n\t\t\n\t\t[wgl_spacing spacer_size=&#8221;18&#8243;][wgl_button button_text=&#8221;Veja mais&#8221; align=&#8221;center&#8221; shadow_style=&#8221;before_hover&#8221; customize=&#8221;color&#8221; text_color=&#8221;#ffffff&#8221; text_color_hover=&#8221;#7c529c&#8221; bg_color=&#8221;#7c529c&#8221; bg_color_hover=&#8221;#ffffff&#8221; border_color=&#8221;#7c529c&#8221; border_color_hover=&#8221;#7c529c&#8221; link=&#8221;url:https%3A%2F%2Fmidiapost.com%2Flive%2Fblog-masonry%2F|||&#8221;][wgl_spacing spacer_size=&#8221;91&#8243;][\/vc_column][\/vc_row]\n","protected":false},"excerpt":{"rendered":"<p>[vc_row][vc_column offset=&#8221;vc_col-md-6&#8243;][wgl_image_layers values=&#8221;%5B%7B%22thumbnail%22%3A%22768%22%2C%22image_animation%22%3A%22slide_down%22%2C%22image_order%22%3A%221%22%7D%2C%7B%22thumbnail%22%3A%22769%22%2C%22image_animation%22%3A%22slide_right%22%2C%22image_order%22%3A%221%22%7D%2C%7B%22thumbnail%22%3A%22770%22%2C%22image_animation%22%3A%22slide_left%22%2C%22image_order%22%3A%221%22%7D%5D&#8221;][\/vc_column][vc_column offset=&#8221;vc_col-lg-offset-1 vc_col-lg-5 vc_col-md-6&#8243;][wgl_spacing spacer_size=&#8221;80&#8243; screen_desktops=&#8221;1200&#8243; screen_tablet=&#8221;992&#8243; responsive_desktop=&#8221;true&#8221; size_desktops=&#8221;64&#8243; responsive_tablet=&#8221;true&#8221; size_tablet=&#8221;85&#8243;][wgl_double_headings title_weight=&#8221;400&#8243; title_color=&#8221;#232323&#8243; subtitle_color=&#8221;#fd226a&#8221; bgtitle_color=&#8221;#f3f3f3&#8243; title=&#8221;Vida Moderna&#8221; subtitle=&#8221;`{`Interatividade e Intelig\u00eancia`}`&#8221; bgtitle=&#8221;IOT IA&#8221; bg_responsive_font=&#8221;true&#8221; bg_font_size_mobile=&#8221;100&#8243; responsive_font=&#8221;true&#8221; font_size_mobile=&#8221;30&#8243;][wgl_spacing spacer_size=&#8221;19&#8243;][vc_column_text] Quais s\u00e3o os desafios de construir uma cidade inteligente? Voc\u00ea j\u00e1 deve ter ouvido por a\u00ed que estamos na era das Smart Cities &#8211; IA Intelig\u00eancia [&hellip;]<\/p>\n","protected":false},"author":2,"featured_media":841,"parent":0,"menu_order":0,"comment_status":"closed","ping_status":"closed","template":"","meta":{"footnotes":""},"class_list":["post-764","page","type-page","status-publish","has-post-thumbnail","hentry"],"_links":{"self":[{"href":"https:\/\/midiapost.com\/live\/wp-json\/wp\/v2\/pages\/764","targetHints":{"allow":["GET"]}}],"collection":[{"href":"https:\/\/midiapost.com\/live\/wp-json\/wp\/v2\/pages"}],"about":[{"href":"https:\/\/midiapost.com\/live\/wp-json\/wp\/v2\/types\/page"}],"author":[{"embeddable":true,"href":"https:\/\/midiapost.com\/live\/wp-json\/wp\/v2\/users\/2"}],"replies":[{"embeddable":true,"href":"https:\/\/midiapost.com\/live\/wp-json\/wp\/v2\/comments?post=764"}],"version-history":[{"count":95,"href":"https:\/\/midiapost.com\/live\/wp-json\/wp\/v2\/pages\/764\/revisions"}],"predecessor-version":[{"id":3361,"href":"https:\/\/midiapost.com\/live\/wp-json\/wp\/v2\/pages\/764\/revisions\/3361"}],"wp:featuredmedia":[{"embeddable":true,"href":"https:\/\/midiapost.com\/live\/wp-json\/wp\/v2\/media\/841"}],"wp:attachment":[{"href":"https:\/\/midiapost.com\/live\/wp-json\/wp\/v2\/media?parent=764"}],"curies":[{"name":"wp","href":"https:\/\/api.w.org\/{rel}","templated":true}]}}